{"id":2966,"date":"2021-05-18T12:17:44","date_gmt":"2021-05-18T15:17:44","guid":{"rendered":"https:\/\/construfortasb.com.br\/loja\/?post_type=product&#038;p=2966"},"modified":"2021-05-18T12:22:52","modified_gmt":"2021-05-18T15:22:52","slug":"espuma-expansiva-tekbond-230g-300ml","status":"publish","type":"product","link":"https:\/\/construfortasb.com.br\/loja\/produto\/espuma-expansiva-tekbond-230g-300ml\/","title":{"rendered":"Espuma Expansiva Tekbond 230g\/300ml"},"content":{"rendered":"<p>\u00c9 recomendado para uma ampla gama de aplica\u00e7\u00f5es: isolamento, montagem, colagem, isolamento ac\u00fastico e veda\u00e7\u00e3o. Instala\u00e7\u00e3o, fixa\u00e7\u00e3o e isolamento de portas e janelas. Enchimento e veda\u00e7\u00e3o de frestas, juntas, aberturas e cavidades. Conex\u00e3o de materiais de isolamento e constru\u00e7\u00e3o de telhado. Adere: Madeira, Metal, Alvenaria, PVC, Concreto, Ferro, Alum\u00ednio, Cer\u00e2mica, M\u00e1rmore, Granitos e outros materiais de constru\u00e7\u00e3o.<\/p>\n<p>Caracter\u00edsticas:<br \/>\nMonocomponente, utilizada para fins domiciliares e profissionais. Aplica\u00e7\u00e3o em rachaduras, juntas, v\u00e3os e espa\u00e7os ao redor de dutos de ventila\u00e7\u00e3o, ar condicionado, portas, janelas, paredes de concreto e alvenaria. Preenchimento imperme\u00e1vel de espa\u00e7os vazios, bloqueando a passagem de insetos e roedores. Pode ser facilmente cortada, lixada e pintada.<\/p>\n","protected":false},"excerpt":{"rendered":"<p>Instru\u00e7\u00f5es de uso:<\/p>\n<p>Como aplicar:<br \/>\n1. Para obter um melhor desempenho, superf\u00edcies devem estar limpas, isentas de \u00f3leo e poeira;<br \/>\n2. Para melhor expans\u00e3o e fixa\u00e7\u00e3o da espuma pulverize com \u00e1gua em forma de n\u00e9voa antes da aplica\u00e7\u00e3o;<br \/>\n3. Agitar a lata por cerca de 1 (um) minuto antes de usar;<br \/>\n4. Adaptar o bico aplicador na v\u00e1lvula da lata;<br \/>\n5. Vire a embalagem de cabe\u00e7a para baixo e pressione suavemente. Pode-se dosar a quantidade de espuma mediante a inclina\u00e7\u00e3o do aplicador;<br \/>\n6. Preencha cerca de 35% da \u00e1rea ou v\u00e3o, pois a espuma ir\u00e1 expandir-se.<br \/>\n7. Ap\u00f3s 10 minutos, pulverize novamente com \u00e1gua para se obter melhor expans\u00e3o e evitar forma\u00e7\u00e3o de grandes bolhas;<br \/>\n8. Deixe secar de 1 a 2 horas para cortar o volume excedente;<br \/>\n9. A cura total ocorrer\u00e1 em 24 horas;<br \/>\n10. Depois de curado a espuma s\u00f3 pode ser removido por meios mec\u00e2nicos;<br \/>\n11. N\u00e3o expor aos raios UV (sol);<br \/>\n12. \u00c9 recomendada a pintura ou revestimento;<br \/>\n13. Em caso de contato com a pele, limpe em seguida com acetona ou MEK e depois lave as m\u00e3os com \u00e1gua e sab\u00e3o. O MEK e acetona s\u00e3o produtos inflam\u00e1veis e levemente irritantes. Caso contr\u00e1rio utilize papel ou tecido absorvente que ir\u00e1 minimizar o excesso e lave as m\u00e3os com \u00e1gua e sab\u00e3o.<br \/>\n14. Para manuseio do produto, recomenda-se a utiliza\u00e7\u00e3o de EPI\u2019s (\u00f3culos de prote\u00e7\u00e3o e luvas);<br \/>\n15. Utilizar o conte\u00fado da embalagem em uma \u00fanica aplica\u00e7\u00e3o.<\/p>\n<p>LIMITA\u00c7\u00d5ES DE USO:<br \/>\n1. N\u00e3o pode ser utilizada para montagem estrutural;<br \/>\n2. Para superf\u00edcies onde h\u00e1 contato direto com alimentos;<br \/>\n3. \u00c1reas em imers\u00e3o de \u00e1gua constante;<br \/>\n4. N\u00e3o utilizar para envidra\u00e7amento estrutural;<br \/>\n5. Articula\u00e7\u00f5es onde a abras\u00e3o e abuso f\u00edsico s\u00e3o constantes;<br \/>\n6. N\u00e3o vai aderir a alguns pl\u00e1sticos, como o polietileno, polipropileno e Teflon.<br \/>\n7. Incompat\u00edvel com cola de contato \u00e0 base de solvente.<\/p>\n<p>Dados T\u00e9cnicos:<br \/>\nApar\u00eancia (visual): L\u00edquido comprimido levemente amarelado de baixo odor. Ap\u00f3s curado s\u00f3lido levemente amarelado.<br \/>\nTemperatura de aplica\u00e7\u00e3o: +5 a 45\u00b0C<br \/>\nTemperatura de servi\u00e7o: &#8211; 60 a 100\u00b0C<br \/>\nRendimento (Litros): 230 g (10 Litros) \/ 360 g (18 Litros)<br \/>\nSecagem ao toque: 7 a 15 min<br \/>\nCura Inicial: 30 min<br \/>\nTempo de corte: 2 horas<br \/>\nCura total: 24 horas<br \/>\nDureza Shore O (24 h): &gt; 40<\/p>\n","protected":false},"featured_media":2967,"comment_status":"open","ping_status":"closed","template":"","meta":{"inline_featured_image":false},"product_cat":[173],"product_tag":[176,175,174,177],"yoast_head":"<!-- This site is optimized with the Yoast SEO plugin v19.13 - https:\/\/yoast.com\/wordpress\/plugins\/seo\/ -->\n<title>Espuma Expansiva Tekbond 230g\/300ml - Construfort Materiais de Constru\u00e7\u00e3o<\/title>\n<meta name=\"robots\" content=\"index, follow, max-snippet:-1, max-image-preview:large, max-video-preview:-1\" \/>\n<link rel=\"canonical\" href=\"https:\/\/construfortasb.com.br\/loja\/produto\/espuma-expansiva-tekbond-230g-300ml\/\" \/>\n<meta property=\"og:locale\" content=\"pt_BR\" \/>\n<meta property=\"og:type\" content=\"article\" \/>\n<meta property=\"og:title\" content=\"Espuma Expansiva Tekbond 230g\/300ml - Construfort Materiais de Constru\u00e7\u00e3o\" \/>\n<meta property=\"og:description\" content=\"Instru\u00e7\u00f5es de uso:  Como aplicar: 1. Para obter um melhor desempenho, superf\u00edcies devem estar limpas, isentas de \u00f3leo e poeira; 2. Para melhor expans\u00e3o e fixa\u00e7\u00e3o da espuma pulverize com \u00e1gua em forma de n\u00e9voa antes da aplica\u00e7\u00e3o; 3. Agitar a lata por cerca de 1 (um) minuto antes de usar; 4. Adaptar o bico aplicador na v\u00e1lvula da lata; 5. Vire a embalagem de cabe\u00e7a para baixo e pressione suavemente. Pode-se dosar a quantidade de espuma mediante a inclina\u00e7\u00e3o do aplicador; 6. Preencha cerca de 35% da \u00e1rea ou v\u00e3o, pois a espuma ir\u00e1 expandir-se. 7. Ap\u00f3s 10 minutos, pulverize novamente com \u00e1gua para se obter melhor expans\u00e3o e evitar forma\u00e7\u00e3o de grandes bolhas; 8. Deixe secar de 1 a 2 horas para cortar o volume excedente; 9. A cura total ocorrer\u00e1 em 24 horas; 10. Depois de curado a espuma s\u00f3 pode ser removido por meios mec\u00e2nicos; 11. N\u00e3o expor aos raios UV (sol); 12. \u00c9 recomendada a pintura ou revestimento; 13. Em caso de contato com a pele, limpe em seguida com acetona ou MEK e depois lave as m\u00e3os com \u00e1gua e sab\u00e3o. O MEK e acetona s\u00e3o produtos inflam\u00e1veis e levemente irritantes. Caso contr\u00e1rio utilize papel ou tecido absorvente que ir\u00e1 minimizar o excesso e lave as m\u00e3os com \u00e1gua e sab\u00e3o. 14. Para manuseio do produto, recomenda-se a utiliza\u00e7\u00e3o de EPI\u2019s (\u00f3culos de prote\u00e7\u00e3o e luvas); 15. Utilizar o conte\u00fado da embalagem em uma \u00fanica aplica\u00e7\u00e3o.  LIMITA\u00c7\u00d5ES DE USO: 1. N\u00e3o pode ser utilizada para montagem estrutural; 2. Para superf\u00edcies onde h\u00e1 contato direto com alimentos; 3. \u00c1reas em imers\u00e3o de \u00e1gua constante; 4. N\u00e3o utilizar para envidra\u00e7amento estrutural; 5. Articula\u00e7\u00f5es onde a abras\u00e3o e abuso f\u00edsico s\u00e3o constantes; 6. N\u00e3o vai aderir a alguns pl\u00e1sticos, como o polietileno, polipropileno e Teflon. 7. Incompat\u00edvel com cola de contato \u00e0 base de solvente.  Dados T\u00e9cnicos: Apar\u00eancia (visual): L\u00edquido comprimido levemente amarelado de baixo odor. Ap\u00f3s curado s\u00f3lido levemente amarelado. Temperatura de aplica\u00e7\u00e3o: +5 a 45\u00b0C Temperatura de servi\u00e7o: - 60 a 100\u00b0C Rendimento (Litros): 230 g (10 Litros) \/ 360 g (18 Litros) Secagem ao toque: 7 a 15 min Cura Inicial: 30 min Tempo de corte: 2 horas Cura total: 24 horas Dureza Shore O (24 h): &gt; 40\" \/>\n<meta property=\"og:url\" content=\"https:\/\/construfortasb.com.br\/loja\/produto\/espuma-expansiva-tekbond-230g-300ml\/\" \/>\n<meta property=\"og:site_name\" content=\"Construfort Materiais de Constru\u00e7\u00e3o\" \/>\n<meta property=\"article:modified_time\" content=\"2021-05-18T15:22:52+00:00\" \/>\n<meta property=\"og:image\" content=\"https:\/\/construfortasb.com.br\/loja\/wp-content\/uploads\/2021\/05\/Espuma_Expansiva_Tekbond_360g500ml_LATAM_0.jpg\" \/>\n\t<meta property=\"og:image:width\" content=\"1000\" \/>\n\t<meta property=\"og:image:height\" content=\"1000\" \/>\n\t<meta property=\"og:image:type\" content=\"image\/jpeg\" \/>\n<meta name=\"twitter:card\" content=\"summary_large_image\" \/>\n<meta name=\"twitter:label1\" content=\"Est. tempo de leitura\" \/>\n\t<meta name=\"twitter:data1\" content=\"1 minuto\" \/>\n<script type=\"application\/ld+json\" class=\"yoast-schema-graph\">{\"@context\":\"https:\/\/schema.org\",\"@graph\":[{\"@type\":\"WebPage\",\"@id\":\"https:\/\/construfortasb.com.br\/loja\/produto\/espuma-expansiva-tekbond-230g-300ml\/\",\"url\":\"https:\/\/construfortasb.com.br\/loja\/produto\/espuma-expansiva-tekbond-230g-300ml\/\",\"name\":\"Espuma Expansiva Tekbond 230g\/300ml - Construfort Materiais de Constru\u00e7\u00e3o\",\"isPartOf\":{\"@id\":\"https:\/\/construfortasb.com.br\/loja\/#website\"},\"datePublished\":\"2021-05-18T15:17:44+00:00\",\"dateModified\":\"2021-05-18T15:22:52+00:00\",\"breadcrumb\":{\"@id\":\"https:\/\/construfortasb.com.br\/loja\/produto\/espuma-expansiva-tekbond-230g-300ml\/#breadcrumb\"},\"inLanguage\":\"pt-BR\",\"potentialAction\":[{\"@type\":\"ReadAction\",\"target\":[\"https:\/\/construfortasb.com.br\/loja\/produto\/espuma-expansiva-tekbond-230g-300ml\/\"]}]},{\"@type\":\"BreadcrumbList\",\"@id\":\"https:\/\/construfortasb.com.br\/loja\/produto\/espuma-expansiva-tekbond-230g-300ml\/#breadcrumb\",\"itemListElement\":[{\"@type\":\"ListItem\",\"position\":1,\"name\":\"In\u00edcio\",\"item\":\"https:\/\/construfortasb.com.br\/loja\/\"},{\"@type\":\"ListItem\",\"position\":2,\"name\":\"Loja Virtual\",\"item\":\"https:\/\/construfortasb.com.br\/loja\/loja\/\"},{\"@type\":\"ListItem\",\"position\":3,\"name\":\"Espuma Expansiva Tekbond 230g\/300ml\"}]},{\"@type\":\"WebSite\",\"@id\":\"https:\/\/construfortasb.com.br\/loja\/#website\",\"url\":\"https:\/\/construfortasb.com.br\/loja\/\",\"name\":\"Construfort Materiais de Constru\u00e7\u00e3o\",\"description\":\"Sua melhor op\u00e7\u00e3o em materiais de constru\u00e7\u00e3o\",\"potentialAction\":[{\"@type\":\"SearchAction\",\"target\":{\"@type\":\"EntryPoint\",\"urlTemplate\":\"https:\/\/construfortasb.com.br\/loja\/?s={search_term_string}\"},\"query-input\":\"required name=search_term_string\"}],\"inLanguage\":\"pt-BR\"}]}<\/script>\n<!-- \/ Yoast SEO plugin. -->","yoast_head_json":{"title":"Espuma Expansiva Tekbond 230g\/300ml - Construfort Materiais de Constru\u00e7\u00e3o","robots":{"index":"index","follow":"follow","max-snippet":"max-snippet:-1","max-image-preview":"max-image-preview:large","max-video-preview":"max-video-preview:-1"},"canonical":"https:\/\/construfortasb.com.br\/loja\/produto\/espuma-expansiva-tekbond-230g-300ml\/","og_locale":"pt_BR","og_type":"article","og_title":"Espuma Expansiva Tekbond 230g\/300ml - Construfort Materiais de Constru\u00e7\u00e3o","og_description":"Instru\u00e7\u00f5es de uso:  Como aplicar: 1. Para obter um melhor desempenho, superf\u00edcies devem estar limpas, isentas de \u00f3leo e poeira; 2. Para melhor expans\u00e3o e fixa\u00e7\u00e3o da espuma pulverize com \u00e1gua em forma de n\u00e9voa antes da aplica\u00e7\u00e3o; 3. Agitar a lata por cerca de 1 (um) minuto antes de usar; 4. Adaptar o bico aplicador na v\u00e1lvula da lata; 5. Vire a embalagem de cabe\u00e7a para baixo e pressione suavemente. Pode-se dosar a quantidade de espuma mediante a inclina\u00e7\u00e3o do aplicador; 6. Preencha cerca de 35% da \u00e1rea ou v\u00e3o, pois a espuma ir\u00e1 expandir-se. 7. Ap\u00f3s 10 minutos, pulverize novamente com \u00e1gua para se obter melhor expans\u00e3o e evitar forma\u00e7\u00e3o de grandes bolhas; 8. Deixe secar de 1 a 2 horas para cortar o volume excedente; 9. A cura total ocorrer\u00e1 em 24 horas; 10. Depois de curado a espuma s\u00f3 pode ser removido por meios mec\u00e2nicos; 11. N\u00e3o expor aos raios UV (sol); 12. \u00c9 recomendada a pintura ou revestimento; 13. Em caso de contato com a pele, limpe em seguida com acetona ou MEK e depois lave as m\u00e3os com \u00e1gua e sab\u00e3o. O MEK e acetona s\u00e3o produtos inflam\u00e1veis e levemente irritantes. Caso contr\u00e1rio utilize papel ou tecido absorvente que ir\u00e1 minimizar o excesso e lave as m\u00e3os com \u00e1gua e sab\u00e3o. 14. Para manuseio do produto, recomenda-se a utiliza\u00e7\u00e3o de EPI\u2019s (\u00f3culos de prote\u00e7\u00e3o e luvas); 15. Utilizar o conte\u00fado da embalagem em uma \u00fanica aplica\u00e7\u00e3o.  LIMITA\u00c7\u00d5ES DE USO: 1. N\u00e3o pode ser utilizada para montagem estrutural; 2. Para superf\u00edcies onde h\u00e1 contato direto com alimentos; 3. \u00c1reas em imers\u00e3o de \u00e1gua constante; 4. N\u00e3o utilizar para envidra\u00e7amento estrutural; 5. Articula\u00e7\u00f5es onde a abras\u00e3o e abuso f\u00edsico s\u00e3o constantes; 6. N\u00e3o vai aderir a alguns pl\u00e1sticos, como o polietileno, polipropileno e Teflon. 7. Incompat\u00edvel com cola de contato \u00e0 base de solvente.  Dados T\u00e9cnicos: Apar\u00eancia (visual): L\u00edquido comprimido levemente amarelado de baixo odor. Ap\u00f3s curado s\u00f3lido levemente amarelado. Temperatura de aplica\u00e7\u00e3o: +5 a 45\u00b0C Temperatura de servi\u00e7o: - 60 a 100\u00b0C Rendimento (Litros): 230 g (10 Litros) \/ 360 g (18 Litros) Secagem ao toque: 7 a 15 min Cura Inicial: 30 min Tempo de corte: 2 horas Cura total: 24 horas Dureza Shore O (24 h): &gt; 40","og_url":"https:\/\/construfortasb.com.br\/loja\/produto\/espuma-expansiva-tekbond-230g-300ml\/","og_site_name":"Construfort Materiais de Constru\u00e7\u00e3o","article_modified_time":"2021-05-18T15:22:52+00:00","og_image":[{"width":1000,"height":1000,"url":"https:\/\/construfortasb.com.br\/loja\/wp-content\/uploads\/2021\/05\/Espuma_Expansiva_Tekbond_360g500ml_LATAM_0.jpg","type":"image\/jpeg"}],"twitter_card":"summary_large_image","twitter_misc":{"Est. tempo de leitura":"1 minuto"},"schema":{"@context":"https:\/\/schema.org","@graph":[{"@type":"WebPage","@id":"https:\/\/construfortasb.com.br\/loja\/produto\/espuma-expansiva-tekbond-230g-300ml\/","url":"https:\/\/construfortasb.com.br\/loja\/produto\/espuma-expansiva-tekbond-230g-300ml\/","name":"Espuma Expansiva Tekbond 230g\/300ml - Construfort Materiais de Constru\u00e7\u00e3o","isPartOf":{"@id":"https:\/\/construfortasb.com.br\/loja\/#website"},"datePublished":"2021-05-18T15:17:44+00:00","dateModified":"2021-05-18T15:22:52+00:00","breadcrumb":{"@id":"https:\/\/construfortasb.com.br\/loja\/produto\/espuma-expansiva-tekbond-230g-300ml\/#breadcrumb"},"inLanguage":"pt-BR","potentialAction":[{"@type":"ReadAction","target":["https:\/\/construfortasb.com.br\/loja\/produto\/espuma-expansiva-tekbond-230g-300ml\/"]}]},{"@type":"BreadcrumbList","@id":"https:\/\/construfortasb.com.br\/loja\/produto\/espuma-expansiva-tekbond-230g-300ml\/#breadcrumb","itemListElement":[{"@type":"ListItem","position":1,"name":"In\u00edcio","item":"https:\/\/construfortasb.com.br\/loja\/"},{"@type":"ListItem","position":2,"name":"Loja Virtual","item":"https:\/\/construfortasb.com.br\/loja\/loja\/"},{"@type":"ListItem","position":3,"name":"Espuma Expansiva Tekbond 230g\/300ml"}]},{"@type":"WebSite","@id":"https:\/\/construfortasb.com.br\/loja\/#website","url":"https:\/\/construfortasb.com.br\/loja\/","name":"Construfort Materiais de Constru\u00e7\u00e3o","description":"Sua melhor op\u00e7\u00e3o em materiais de constru\u00e7\u00e3o","potentialAction":[{"@type":"SearchAction","target":{"@type":"EntryPoint","urlTemplate":"https:\/\/construfortasb.com.br\/loja\/?s={search_term_string}"},"query-input":"required name=search_term_string"}],"inLanguage":"pt-BR"}]}},"_links":{"self":[{"href":"https:\/\/construfortasb.com.br\/loja\/wp-json\/wp\/v2\/product\/2966"}],"collection":[{"href":"https:\/\/construfortasb.com.br\/loja\/wp-json\/wp\/v2\/product"}],"about":[{"href":"https:\/\/construfortasb.com.br\/loja\/wp-json\/wp\/v2\/types\/product"}],"replies":[{"embeddable":true,"href":"https:\/\/construfortasb.com.br\/loja\/wp-json\/wp\/v2\/comments?post=2966"}],"wp:featuredmedia":[{"embeddable":true,"href":"https:\/\/construfortasb.com.br\/loja\/wp-json\/wp\/v2\/media\/2967"}],"wp:attachment":[{"href":"https:\/\/construfortasb.com.br\/loja\/wp-json\/wp\/v2\/media?parent=2966"}],"wp:term":[{"taxonomy":"product_cat","embeddable":true,"href":"https:\/\/construfortasb.com.br\/loja\/wp-json\/wp\/v2\/product_cat?post=2966"},{"taxonomy":"product_tag","embeddable":true,"href":"https:\/\/construfortasb.com.br\/loja\/wp-json\/wp\/v2\/product_tag?post=2966"}],"curies":[{"name":"wp","href":"https:\/\/api.w.org\/{rel}","templated":true}]}}