{"id":3007,"date":"2021-06-05T10:08:12","date_gmt":"2021-06-05T13:08:12","guid":{"rendered":"https:\/\/construfortasb.com.br\/loja\/?post_type=product&#038;p=3007"},"modified":"2021-06-05T10:10:30","modified_gmt":"2021-06-05T13:10:30","slug":"liquidificador-cadence-evolution-com-filtro-127v-800w","status":"publish","type":"product","link":"https:\/\/construfortasb.com.br\/loja\/produto\/liquidificador-cadence-evolution-com-filtro-127v-800w\/","title":{"rendered":"Liquidificador Cadence Evolution com filtro &#8211; 127V 800w"},"content":{"rendered":"<p>Descri\u00e7\u00e3o:<br \/>\nJarra cristal com al\u00e7a ergon\u00f4mica e tampa com trava: produzida em material de alta<br \/>\nresist\u00eancia, tem capacidade para 1,5 litros. Maior seguran\u00e7a e durabilidade.<br \/>\nJarra com design inteligente &#8211; n\u00e3o deixa peda\u00e7os: todo o alimento \u00e9 impulsionado para<br \/>\na l\u00e2mina, proporcionando maior performance.<br \/>\n4 velocidades, fun\u00e7\u00e3o pulsar e 350W: Prepara os mais variados sucos, batidas,<br \/>\nvitaminas, molhos, cremes e muito mais.<br \/>\nP\u00e9s antiderrapantes: maior seguran\u00e7a ao utilizar o liquidificador.<\/p>\n<p>Caracter\u00edsticas:<br \/>\nMaterial\/Composi\u00e7\u00e3o:L\u00e2minas em a\u00e7o inoxid\u00e1vel<br \/>\nVelocidade: 4<br \/>\nCapacidade da tigela\/copo (em litros): 1,5 Litros<br \/>\nCaracter\u00edstica do copo\/tigela\/tampa: Jarra SAN<br \/>\nPort\u00e1til (sem fio): N\u00e3o<br \/>\nMotor: 350w<br \/>\nRecursos \/ Fun\u00e7\u00f5es: Tritura e mistura com perfei\u00e7\u00e3o<br \/>\nAlimenta\u00e7\u00e3o: Energia el\u00e9trica<br \/>\nVoltagem: 127V<br \/>\nPot\u00eancia (w): 800w<br \/>\nConsumo (Kw\/h): 0,35Kwh<br \/>\nCor: Preto; transparente<\/p>\n<p>&nbsp;<\/p>\n<p>Conte\u00fado da embalagem: Liquidificador e manual de instru\u00e7\u00f5es<\/p>\n","protected":false},"excerpt":{"rendered":"<p>Ideal para o preparo de receitas variadas, como sucos, batidas, vitaminas, molhos, cremes e muito mais! O Liquidificador Evolution pode lhe<br \/>\najudar de forma r\u00e1pida e pr\u00e1tica em qualquer momento do dia! O filtro coletor remov\u00edvel<br \/>\nimpede que as sementes e o baga\u00e7o das frutas se misturem ao suco!<\/p>\n","protected":false},"featured_media":3008,"comment_status":"open","ping_status":"closed","template":"","meta":{"inline_featured_image":false},"product_cat":[194],"product_tag":[203,212,213,214],"yoast_head":"<!-- This site is optimized with the Yoast SEO plugin v19.13 - https:\/\/yoast.com\/wordpress\/plugins\/seo\/ -->\n<title>Liquidificador Cadence Evolution com filtro - 127V 800w - Construfort Materiais de Constru\u00e7\u00e3o<\/title>\n<meta name=\"robots\" content=\"index, follow, max-snippet:-1, max-image-preview:large, max-video-preview:-1\" \/>\n<link rel=\"canonical\" href=\"https:\/\/construfortasb.com.br\/loja\/produto\/liquidificador-cadence-evolution-com-filtro-127v-800w\/\" \/>\n<meta property=\"og:locale\" content=\"pt_BR\" \/>\n<meta property=\"og:type\" content=\"article\" \/>\n<meta property=\"og:title\" content=\"Liquidificador Cadence Evolution com filtro - 127V 800w - Construfort Materiais de Constru\u00e7\u00e3o\" \/>\n<meta property=\"og:description\" content=\"Ideal para o preparo de receitas variadas, como sucos, batidas, vitaminas, molhos, cremes e muito mais! O Liquidificador Evolution pode lhe ajudar de forma r\u00e1pida e pr\u00e1tica em qualquer momento do dia! O filtro coletor remov\u00edvel impede que as sementes e o baga\u00e7o das frutas se misturem ao suco!\" \/>\n<meta property=\"og:url\" content=\"https:\/\/construfortasb.com.br\/loja\/produto\/liquidificador-cadence-evolution-com-filtro-127v-800w\/\" \/>\n<meta property=\"og:site_name\" content=\"Construfort Materiais de Constru\u00e7\u00e3o\" \/>\n<meta property=\"article:modified_time\" content=\"2021-06-05T13:10:30+00:00\" \/>\n<meta property=\"og:image\" content=\"https:\/\/construfortasb.com.br\/loja\/wp-content\/uploads\/2021\/06\/LIQ347_01.jpg\" \/>\n\t<meta property=\"og:image:width\" content=\"1000\" \/>\n\t<meta property=\"og:image:height\" content=\"1000\" \/>\n\t<meta property=\"og:image:type\" content=\"image\/jpeg\" \/>\n<meta name=\"twitter:card\" content=\"summary_large_image\" \/>\n<meta name=\"twitter:label1\" content=\"Est. tempo de leitura\" \/>\n\t<meta name=\"twitter:data1\" content=\"1 minuto\" \/>\n<script type=\"application\/ld+json\" class=\"yoast-schema-graph\">{\"@context\":\"https:\/\/schema.org\",\"@graph\":[{\"@type\":\"WebPage\",\"@id\":\"https:\/\/construfortasb.com.br\/loja\/produto\/liquidificador-cadence-evolution-com-filtro-127v-800w\/\",\"url\":\"https:\/\/construfortasb.com.br\/loja\/produto\/liquidificador-cadence-evolution-com-filtro-127v-800w\/\",\"name\":\"Liquidificador Cadence Evolution com filtro - 127V 800w - Construfort Materiais de Constru\u00e7\u00e3o\",\"isPartOf\":{\"@id\":\"https:\/\/construfortasb.com.br\/loja\/#website\"},\"datePublished\":\"2021-06-05T13:08:12+00:00\",\"dateModified\":\"2021-06-05T13:10:30+00:00\",\"breadcrumb\":{\"@id\":\"https:\/\/construfortasb.com.br\/loja\/produto\/liquidificador-cadence-evolution-com-filtro-127v-800w\/#breadcrumb\"},\"inLanguage\":\"pt-BR\",\"potentialAction\":[{\"@type\":\"ReadAction\",\"target\":[\"https:\/\/construfortasb.com.br\/loja\/produto\/liquidificador-cadence-evolution-com-filtro-127v-800w\/\"]}]},{\"@type\":\"BreadcrumbList\",\"@id\":\"https:\/\/construfortasb.com.br\/loja\/produto\/liquidificador-cadence-evolution-com-filtro-127v-800w\/#breadcrumb\",\"itemListElement\":[{\"@type\":\"ListItem\",\"position\":1,\"name\":\"In\u00edcio\",\"item\":\"https:\/\/construfortasb.com.br\/loja\/\"},{\"@type\":\"ListItem\",\"position\":2,\"name\":\"Loja Virtual\",\"item\":\"https:\/\/construfortasb.com.br\/loja\/loja\/\"},{\"@type\":\"ListItem\",\"position\":3,\"name\":\"Liquidificador Cadence Evolution com filtro &#8211; 127V 800w\"}]},{\"@type\":\"WebSite\",\"@id\":\"https:\/\/construfortasb.com.br\/loja\/#website\",\"url\":\"https:\/\/construfortasb.com.br\/loja\/\",\"name\":\"Construfort Materiais de Constru\u00e7\u00e3o\",\"description\":\"Sua melhor op\u00e7\u00e3o em materiais de constru\u00e7\u00e3o\",\"potentialAction\":[{\"@type\":\"SearchAction\",\"target\":{\"@type\":\"EntryPoint\",\"urlTemplate\":\"https:\/\/construfortasb.com.br\/loja\/?s={search_term_string}\"},\"query-input\":\"required name=search_term_string\"}],\"inLanguage\":\"pt-BR\"}]}<\/script>\n<!-- \/ Yoast SEO plugin. -->","yoast_head_json":{"title":"Liquidificador Cadence Evolution com filtro - 127V 800w - Construfort Materiais de Constru\u00e7\u00e3o","robots":{"index":"index","follow":"follow","max-snippet":"max-snippet:-1","max-image-preview":"max-image-preview:large","max-video-preview":"max-video-preview:-1"},"canonical":"https:\/\/construfortasb.com.br\/loja\/produto\/liquidificador-cadence-evolution-com-filtro-127v-800w\/","og_locale":"pt_BR","og_type":"article","og_title":"Liquidificador Cadence Evolution com filtro - 127V 800w - Construfort Materiais de Constru\u00e7\u00e3o","og_description":"Ideal para o preparo de receitas variadas, como sucos, batidas, vitaminas, molhos, cremes e muito mais! O Liquidificador Evolution pode lhe ajudar de forma r\u00e1pida e pr\u00e1tica em qualquer momento do dia! O filtro coletor remov\u00edvel impede que as sementes e o baga\u00e7o das frutas se misturem ao suco!","og_url":"https:\/\/construfortasb.com.br\/loja\/produto\/liquidificador-cadence-evolution-com-filtro-127v-800w\/","og_site_name":"Construfort Materiais de Constru\u00e7\u00e3o","article_modified_time":"2021-06-05T13:10:30+00:00","og_image":[{"width":1000,"height":1000,"url":"https:\/\/construfortasb.com.br\/loja\/wp-content\/uploads\/2021\/06\/LIQ347_01.jpg","type":"image\/jpeg"}],"twitter_card":"summary_large_image","twitter_misc":{"Est. tempo de leitura":"1 minuto"},"schema":{"@context":"https:\/\/schema.org","@graph":[{"@type":"WebPage","@id":"https:\/\/construfortasb.com.br\/loja\/produto\/liquidificador-cadence-evolution-com-filtro-127v-800w\/","url":"https:\/\/construfortasb.com.br\/loja\/produto\/liquidificador-cadence-evolution-com-filtro-127v-800w\/","name":"Liquidificador Cadence Evolution com filtro - 127V 800w - Construfort Materiais de Constru\u00e7\u00e3o","isPartOf":{"@id":"https:\/\/construfortasb.com.br\/loja\/#website"},"datePublished":"2021-06-05T13:08:12+00:00","dateModified":"2021-06-05T13:10:30+00:00","breadcrumb":{"@id":"https:\/\/construfortasb.com.br\/loja\/produto\/liquidificador-cadence-evolution-com-filtro-127v-800w\/#breadcrumb"},"inLanguage":"pt-BR","potentialAction":[{"@type":"ReadAction","target":["https:\/\/construfortasb.com.br\/loja\/produto\/liquidificador-cadence-evolution-com-filtro-127v-800w\/"]}]},{"@type":"BreadcrumbList","@id":"https:\/\/construfortasb.com.br\/loja\/produto\/liquidificador-cadence-evolution-com-filtro-127v-800w\/#breadcrumb","itemListElement":[{"@type":"ListItem","position":1,"name":"In\u00edcio","item":"https:\/\/construfortasb.com.br\/loja\/"},{"@type":"ListItem","position":2,"name":"Loja Virtual","item":"https:\/\/construfortasb.com.br\/loja\/loja\/"},{"@type":"ListItem","position":3,"name":"Liquidificador Cadence Evolution com filtro &#8211; 127V 800w"}]},{"@type":"WebSite","@id":"https:\/\/construfortasb.com.br\/loja\/#website","url":"https:\/\/construfortasb.com.br\/loja\/","name":"Construfort Materiais de Constru\u00e7\u00e3o","description":"Sua melhor op\u00e7\u00e3o em materiais de constru\u00e7\u00e3o","potentialAction":[{"@type":"SearchAction","target":{"@type":"EntryPoint","urlTemplate":"https:\/\/construfortasb.com.br\/loja\/?s={search_term_string}"},"query-input":"required name=search_term_string"}],"inLanguage":"pt-BR"}]}},"_links":{"self":[{"href":"https:\/\/construfortasb.com.br\/loja\/wp-json\/wp\/v2\/product\/3007"}],"collection":[{"href":"https:\/\/construfortasb.com.br\/loja\/wp-json\/wp\/v2\/product"}],"about":[{"href":"https:\/\/construfortasb.com.br\/loja\/wp-json\/wp\/v2\/types\/product"}],"replies":[{"embeddable":true,"href":"https:\/\/construfortasb.com.br\/loja\/wp-json\/wp\/v2\/comments?post=3007"}],"wp:featuredmedia":[{"embeddable":true,"href":"https:\/\/construfortasb.com.br\/loja\/wp-json\/wp\/v2\/media\/3008"}],"wp:attachment":[{"href":"https:\/\/construfortasb.com.br\/loja\/wp-json\/wp\/v2\/media?parent=3007"}],"wp:term":[{"taxonomy":"product_cat","embeddable":true,"href":"https:\/\/construfortasb.com.br\/loja\/wp-json\/wp\/v2\/product_cat?post=3007"},{"taxonomy":"product_tag","embeddable":true,"href":"https:\/\/construfortasb.com.br\/loja\/wp-json\/wp\/v2\/product_tag?post=3007"}],"curies":[{"name":"wp","href":"https:\/\/api.w.org\/{rel}","templated":true}]}}